{"id":562,"date":"2024-02-23T23:09:55","date_gmt":"2024-02-24T02:09:55","guid":{"rendered":"https:\/\/ene.com.ar\/?page_id=562"},"modified":"2024-02-28T13:04:37","modified_gmt":"2024-02-28T16:04:37","slug":"neurolinguistica","status":"publish","type":"page","link":"https:\/\/ene.com.ar\/index.php\/terapias\/neurolinguistica\/","title":{"rendered":"NEUROLINGUISTICA"},"content":{"rendered":"\t\t<div data-elementor-type=\"wp-page\" data-elementor-id=\"562\" class=\"elementor elementor-562\">\n\t\t\t\t<div class=\"elementor-element elementor-element-d01f869 e-flex e-con-boxed sc_inner_width_none sc_layouts_column_icons_position_left e-con e-parent\" data-id=\"d01f869\" data-element_type=\"container\" data-e-type=\"container\">\n\t\t\t\t\t<div class=\"e-con-inner\">\n\t\t<div class=\"elementor-element elementor-element-0b2deea e-con-full e-flex sc_inner_width_none sc_layouts_column_icons_position_left e-con e-child\" data-id=\"0b2deea\" data-element_type=\"container\" data-e-type=\"container\">\n\t\t\t\t<div class=\"elementor-element elementor-element-2da8c4e animation_type_block sc_fly_static elementor-invisible elementor-widget elementor-widget-image\" data-id=\"2da8c4e\" data-element_type=\"widget\" data-e-type=\"widget\" data-settings=\"{&quot;_animation&quot;:&quot;medeus-fadeinup&quot;,&quot;_animation_delay&quot;:140}\" data-widget_type=\"image.default\">\n\t\t\t\t<div class=\"elementor-widget-container\">\n\t\t\t\t\t\t\t\t\t\t\t\t\t\t\t<img fetchpriority=\"high\" decoding=\"async\" width=\"772\" height=\"1024\" src=\"https:\/\/ene.com.ar\/wp-content\/uploads\/2024\/02\/fono1-772x1024.webp\" class=\"attachment-large size-large wp-image-1033\" alt=\"\" srcset=\"https:\/\/ene.com.ar\/wp-content\/uploads\/2024\/02\/fono1-772x1024.webp 772w, https:\/\/ene.com.ar\/wp-content\/uploads\/2024\/02\/fono1-226x300.webp 226w, https:\/\/ene.com.ar\/wp-content\/uploads\/2024\/02\/fono1-768x1019.webp 768w, https:\/\/ene.com.ar\/wp-content\/uploads\/2024\/02\/fono1-1157x1536.webp 1157w, https:\/\/ene.com.ar\/wp-content\/uploads\/2024\/02\/fono1-370x491.webp 370w, https:\/\/ene.com.ar\/wp-content\/uploads\/2024\/02\/fono1-840x1115.webp 840w, https:\/\/ene.com.ar\/wp-content\/uploads\/2024\/02\/fono1-410x544.webp 410w, https:\/\/ene.com.ar\/wp-content\/uploads\/2024\/02\/fono1-600x796.webp 600w, https:\/\/ene.com.ar\/wp-content\/uploads\/2024\/02\/fono1.webp 1296w\" sizes=\"(max-width: 772px) 100vw, 772px\" \/>\t\t\t\t\t\t\t\t\t\t\t\t\t\t\t<\/div>\n\t\t\t\t<\/div>\n\t\t\t\t<\/div>\n\t\t<div class=\"elementor-element elementor-element-e73e03a e-con-full e-flex sc_inner_width_none sc_layouts_column_icons_position_left e-con e-child\" data-id=\"e73e03a\" data-element_type=\"container\" data-e-type=\"container\">\n\t\t\t\t<div class=\"elementor-element elementor-element-2ce7d42 animation_type_block sc_fly_static elementor-invisible elementor-widget elementor-widget-trx_sc_icons\" data-id=\"2ce7d42\" data-element_type=\"widget\" data-e-type=\"widget\" data-settings=\"{&quot;_animation&quot;:&quot;medeus-fadeinup&quot;}\" data-widget_type=\"trx_sc_icons.default\">\n\t\t\t\t<div class=\"elementor-widget-container\">\n\t\t\t\t\t<div \tclass=\"sc_icons sc_icons_hover2 sc_icons_size_large sc_align_left\" ><div class=\"sc_icons_item\"><div class=\"sc_icons_icon sc_icon_type_ icon-brain\" style=\"color: var(--e-global-color-accent)\" ><span class=\"sc_icon_type_ icon-brain\" style=\"color: var(--e-global-color-accent)\"><\/span><\/div><div class=\"sc_icons_item_details\"><h4 class=\"sc_icons_item_title\" style=\"color:#0A1A3B;\"><span>NEUROLINGUISTICA<\/span><\/h4><div class=\"sc_icons_item_description\"><span>La terapia de Neuroling\u00fc\u00edstica y  estimulaci\u00f3n del lenguaje es llevada a cabo por   Fonoaudi\u00f3logos altamente capacitados y con amplia experiencia en el campo. Se trata de intervenciones  que ayudan a los pacientes  a superar barreras ling\u00fc\u00edsticas y comunicativas, mejorando su calidad de vida y su desarrollo integral. La neuroling\u00fc\u00edstica es una disciplina que se enfoca en comprender c\u00f3mo funciona el lenguaje en el cerebro y c\u00f3mo se relaciona con el comportamiento humano.<\/span><\/div><\/div><\/div><\/div><!-- \/.sc_icons -->\t\t\t\t<\/div>\n\t\t\t\t<\/div>\n\t\t\t\t<\/div>\n\t\t\t\t\t<\/div>\n\t\t\t\t<\/div>\n\t\t<div class=\"elementor-element elementor-element-b408c52 e-flex e-con-boxed sc_inner_width_none sc_layouts_column_icons_position_left e-con e-parent\" data-id=\"b408c52\" data-element_type=\"container\" data-e-type=\"container\">\n\t\t\t\t\t<div class=\"e-con-inner\">\n\t\t<div class=\"elementor-element elementor-element-838b291 e-con-full e-flex sc_inner_width_none sc_layouts_column_icons_position_left e-con e-child\" data-id=\"838b291\" data-element_type=\"container\" data-e-type=\"container\">\n\t\t\t\t<div class=\"elementor-element elementor-element-426ea24 animation_type_block sc_fly_static elementor-invisible elementor-widget elementor-widget-text-editor\" data-id=\"426ea24\" data-element_type=\"widget\" data-e-type=\"widget\" data-settings=\"{&quot;_animation&quot;:&quot;medeus-fadeinup&quot;,&quot;_animation_delay&quot;:140}\" data-widget_type=\"text-editor.default\">\n\t\t\t\t<div class=\"elementor-widget-container\">\n\t\t\t\t\t\t\t\t\t<p>La neuroling\u00fc\u00edstica investiga c\u00f3mo los ni\u00f1os adquieren el lenguaje y c\u00f3mo desarrollan sus habilidades ling\u00fc\u00edsticas a lo largo del tiempo desde la infancia hasta la edad adulta. Se enfoca en tratar problemas relaciones con el lenguaje, como el retraso del lenguaje, la dislexia, la afasia y trastornos de la comunicaci\u00f3n. Analiza c\u00f3mo los factores psicol\u00f3gicos influyen en la producci\u00f3n, comprensi\u00f3n y adquisici\u00f3n del lenguaje, la memoria, la atenci\u00f3n y el procesamiento del habla.<\/p>\t\t\t\t\t\t\t\t<\/div>\n\t\t\t\t<\/div>\n\t\t\t\t<div class=\"elementor-element elementor-element-f2b0154 animation_type_block sc_fly_static elementor-invisible elementor-widget elementor-widget-image\" data-id=\"f2b0154\" data-element_type=\"widget\" data-e-type=\"widget\" data-settings=\"{&quot;_animation&quot;:&quot;medeus-fadeinup&quot;}\" data-widget_type=\"image.default\">\n\t\t\t\t<div class=\"elementor-widget-container\">\n\t\t\t\t\t\t\t\t\t\t\t\t\t\t\t<img decoding=\"async\" width=\"974\" height=\"1024\" src=\"https:\/\/ene.com.ar\/wp-content\/uploads\/2024\/02\/fono5-974x1024.webp\" class=\"attachment-large size-large wp-image-1037\" alt=\"\" srcset=\"https:\/\/ene.com.ar\/wp-content\/uploads\/2024\/02\/fono5-974x1024.webp 974w, https:\/\/ene.com.ar\/wp-content\/uploads\/2024\/02\/fono5-285x300.webp 285w, https:\/\/ene.com.ar\/wp-content\/uploads\/2024\/02\/fono5-768x808.webp 768w, https:\/\/ene.com.ar\/wp-content\/uploads\/2024\/02\/fono5-370x389.webp 370w, https:\/\/ene.com.ar\/wp-content\/uploads\/2024\/02\/fono5-840x883.webp 840w, https:\/\/ene.com.ar\/wp-content\/uploads\/2024\/02\/fono5-410x431.webp 410w, https:\/\/ene.com.ar\/wp-content\/uploads\/2024\/02\/fono5-600x631.webp 600w, https:\/\/ene.com.ar\/wp-content\/uploads\/2024\/02\/fono5.webp 1356w\" sizes=\"(max-width: 974px) 100vw, 974px\" \/>\t\t\t\t\t\t\t\t\t\t\t\t\t\t\t<\/div>\n\t\t\t\t<\/div>\n\t\t\t\t<\/div>\n\t\t<div class=\"elementor-element elementor-element-dba93c7 e-con-full e-flex sc_inner_width_none sc_layouts_column_icons_position_left e-con e-child\" data-id=\"dba93c7\" data-element_type=\"container\" data-e-type=\"container\">\n\t\t\t\t<div class=\"elementor-element elementor-element-2a8de8b elementor-widget__width-initial animation_type_block sc_fly_static elementor-invisible elementor-widget elementor-widget-image\" data-id=\"2a8de8b\" data-element_type=\"widget\" data-e-type=\"widget\" data-settings=\"{&quot;_animation&quot;:&quot;medeus-fadeinup&quot;}\" data-widget_type=\"image.default\">\n\t\t\t\t<div class=\"elementor-widget-container\">\n\t\t\t\t\t\t\t\t\t\t\t\t\t\t\t<img decoding=\"async\" width=\"966\" height=\"1024\" src=\"https:\/\/ene.com.ar\/wp-content\/uploads\/2024\/02\/fono2-966x1024.webp\" class=\"attachment-large size-large wp-image-1034\" alt=\"\" srcset=\"https:\/\/ene.com.ar\/wp-content\/uploads\/2024\/02\/fono2-966x1024.webp 966w, https:\/\/ene.com.ar\/wp-content\/uploads\/2024\/02\/fono2-283x300.webp 283w, https:\/\/ene.com.ar\/wp-content\/uploads\/2024\/02\/fono2-768x814.webp 768w, https:\/\/ene.com.ar\/wp-content\/uploads\/2024\/02\/fono2-1449x1536.webp 1449w, https:\/\/ene.com.ar\/wp-content\/uploads\/2024\/02\/fono2-370x392.webp 370w, https:\/\/ene.com.ar\/wp-content\/uploads\/2024\/02\/fono2-840x890.webp 840w, https:\/\/ene.com.ar\/wp-content\/uploads\/2024\/02\/fono2-410x435.webp 410w, https:\/\/ene.com.ar\/wp-content\/uploads\/2024\/02\/fono2-600x636.webp 600w, https:\/\/ene.com.ar\/wp-content\/uploads\/2024\/02\/fono2.webp 1532w\" sizes=\"(max-width: 966px) 100vw, 966px\" \/>\t\t\t\t\t\t\t\t\t\t\t\t\t\t\t<\/div>\n\t\t\t\t<\/div>\n\t\t\t\t<\/div>\n\t\t\t\t\t<\/div>\n\t\t\t\t<\/div>\n\t\t\t\t<\/div>\n\t\t","protected":false},"excerpt":{"rendered":"<p>NEUROLINGUISTICA La terapia de Neuroling\u00fc\u00edstica y estimulaci\u00f3n del lenguaje es llevada a cabo por Fonoaudi\u00f3logos altamente capacitados y con amplia experiencia en el campo. Se trata de intervenciones que ayudan&hellip;<\/p>\n","protected":false},"author":1,"featured_media":0,"parent":13,"menu_order":0,"comment_status":"closed","ping_status":"closed","template":"","meta":{"_joinchat":[],"footnotes":""},"class_list":["post-562","page","type-page","status-publish","hentry"],"_links":{"self":[{"href":"https:\/\/ene.com.ar\/index.php\/wp-json\/wp\/v2\/pages\/562","targetHints":{"allow":["GET"]}}],"collection":[{"href":"https:\/\/ene.com.ar\/index.php\/wp-json\/wp\/v2\/pages"}],"about":[{"href":"https:\/\/ene.com.ar\/index.php\/wp-json\/wp\/v2\/types\/page"}],"author":[{"embeddable":true,"href":"https:\/\/ene.com.ar\/index.php\/wp-json\/wp\/v2\/users\/1"}],"replies":[{"embeddable":true,"href":"https:\/\/ene.com.ar\/index.php\/wp-json\/wp\/v2\/comments?post=562"}],"version-history":[{"count":22,"href":"https:\/\/ene.com.ar\/index.php\/wp-json\/wp\/v2\/pages\/562\/revisions"}],"predecessor-version":[{"id":1084,"href":"https:\/\/ene.com.ar\/index.php\/wp-json\/wp\/v2\/pages\/562\/revisions\/1084"}],"up":[{"embeddable":true,"href":"https:\/\/ene.com.ar\/index.php\/wp-json\/wp\/v2\/pages\/13"}],"wp:attachment":[{"href":"https:\/\/ene.com.ar\/index.php\/wp-json\/wp\/v2\/media?parent=562"}],"curies":[{"name":"wp","href":"https:\/\/api.w.org\/{rel}","templated":true}]}}