{"id":566,"date":"2024-02-23T23:10:53","date_gmt":"2024-02-24T02:10:53","guid":{"rendered":"https:\/\/ene.com.ar\/?page_id=566"},"modified":"2024-02-28T15:08:07","modified_gmt":"2024-02-28T18:08:07","slug":"integracion-sensorial","status":"publish","type":"page","link":"https:\/\/ene.com.ar\/index.php\/terapias\/integracion-sensorial\/","title":{"rendered":"INTEGRACION SENSORIAL"},"content":{"rendered":"\t\t<div data-elementor-type=\"wp-page\" data-elementor-id=\"566\" class=\"elementor elementor-566\">\n\t\t\t\t<div class=\"elementor-element elementor-element-71c4cb6 e-flex e-con-boxed sc_inner_width_none sc_layouts_column_icons_position_left e-con e-parent\" data-id=\"71c4cb6\" data-element_type=\"container\" data-e-type=\"container\">\n\t\t\t\t\t<div class=\"e-con-inner\">\n\t\t<div class=\"elementor-element elementor-element-ed6e287 e-con-full e-flex sc_inner_width_none sc_layouts_column_icons_position_left e-con e-child\" data-id=\"ed6e287\" data-element_type=\"container\" data-e-type=\"container\">\n\t\t\t\t<div class=\"elementor-element elementor-element-b2ec284 animation_type_block sc_fly_static elementor-invisible elementor-widget elementor-widget-image\" data-id=\"b2ec284\" data-element_type=\"widget\" data-e-type=\"widget\" data-settings=\"{&quot;_animation&quot;:&quot;medeus-fadeinup&quot;}\" data-widget_type=\"image.default\">\n\t\t\t\t<div class=\"elementor-widget-container\">\n\t\t\t\t\t\t\t\t\t\t\t\t\t\t\t<img fetchpriority=\"high\" decoding=\"async\" width=\"1024\" height=\"1021\" src=\"https:\/\/ene.com.ar\/wp-content\/uploads\/2024\/02\/OT1-1-1024x1021.jpg\" class=\"attachment-large size-large wp-image-1190\" alt=\"\" srcset=\"https:\/\/ene.com.ar\/wp-content\/uploads\/2024\/02\/OT1-1-1024x1021.jpg 1024w, https:\/\/ene.com.ar\/wp-content\/uploads\/2024\/02\/OT1-1-300x300.jpg 300w, https:\/\/ene.com.ar\/wp-content\/uploads\/2024\/02\/OT1-1-150x150.jpg 150w, https:\/\/ene.com.ar\/wp-content\/uploads\/2024\/02\/OT1-1-768x765.jpg 768w, https:\/\/ene.com.ar\/wp-content\/uploads\/2024\/02\/OT1-1-370x370.jpg 370w, https:\/\/ene.com.ar\/wp-content\/uploads\/2024\/02\/OT1-1-120x120.jpg 120w, https:\/\/ene.com.ar\/wp-content\/uploads\/2024\/02\/OT1-1-840x837.jpg 840w, https:\/\/ene.com.ar\/wp-content\/uploads\/2024\/02\/OT1-1-410x409.jpg 410w, https:\/\/ene.com.ar\/wp-content\/uploads\/2024\/02\/OT1-1-600x598.jpg 600w, https:\/\/ene.com.ar\/wp-content\/uploads\/2024\/02\/OT1-1.jpg 1192w\" sizes=\"(max-width: 1024px) 100vw, 1024px\" \/>\t\t\t\t\t\t\t\t\t\t\t\t\t\t\t<\/div>\n\t\t\t\t<\/div>\n\t\t\t\t<div class=\"elementor-element elementor-element-c235912 animation_type_block sc_fly_static elementor-invisible elementor-widget elementor-widget-image\" data-id=\"c235912\" data-element_type=\"widget\" data-e-type=\"widget\" data-settings=\"{&quot;_animation&quot;:&quot;medeus-fadeinup&quot;}\" data-widget_type=\"image.default\">\n\t\t\t\t<div class=\"elementor-widget-container\">\n\t\t\t\t\t\t\t\t\t\t\t\t\t\t\t<img decoding=\"async\" width=\"1024\" height=\"764\" src=\"https:\/\/ene.com.ar\/wp-content\/uploads\/2024\/02\/OT2-1-1024x764.jpg\" class=\"attachment-large size-large wp-image-1191\" alt=\"\" srcset=\"https:\/\/ene.com.ar\/wp-content\/uploads\/2024\/02\/OT2-1-1024x764.jpg 1024w, https:\/\/ene.com.ar\/wp-content\/uploads\/2024\/02\/OT2-1-300x224.jpg 300w, https:\/\/ene.com.ar\/wp-content\/uploads\/2024\/02\/OT2-1-768x573.jpg 768w, https:\/\/ene.com.ar\/wp-content\/uploads\/2024\/02\/OT2-1-370x276.jpg 370w, https:\/\/ene.com.ar\/wp-content\/uploads\/2024\/02\/OT2-1-840x627.jpg 840w, https:\/\/ene.com.ar\/wp-content\/uploads\/2024\/02\/OT2-1-410x306.jpg 410w, https:\/\/ene.com.ar\/wp-content\/uploads\/2024\/02\/OT2-1-890x664.jpg 890w, https:\/\/ene.com.ar\/wp-content\/uploads\/2024\/02\/OT2-1-600x448.jpg 600w, https:\/\/ene.com.ar\/wp-content\/uploads\/2024\/02\/OT2-1.jpg 1214w\" sizes=\"(max-width: 1024px) 100vw, 1024px\" \/>\t\t\t\t\t\t\t\t\t\t\t\t\t\t\t<\/div>\n\t\t\t\t<\/div>\n\t\t\t\t<\/div>\n\t\t<div class=\"elementor-element elementor-element-10f982a e-con-full e-flex sc_inner_width_none sc_layouts_column_icons_position_left e-con e-child\" data-id=\"10f982a\" data-element_type=\"container\" data-e-type=\"container\">\n\t\t\t\t<div class=\"elementor-element elementor-element-060e0ed animation_type_block sc_fly_static elementor-invisible elementor-widget elementor-widget-trx_sc_icons\" data-id=\"060e0ed\" data-element_type=\"widget\" data-e-type=\"widget\" data-settings=\"{&quot;_animation&quot;:&quot;medeus-fadeinup&quot;}\" data-widget_type=\"trx_sc_icons.default\">\n\t\t\t\t<div class=\"elementor-widget-container\">\n\t\t\t\t\t<div \tclass=\"sc_icons sc_icons_hover2 sc_icons_size_large sc_align_left\" ><div class=\"sc_icons_item\"><div class=\"sc_icons_icon sc_icon_type_ icon-sound-light\" style=\"color: var(--e-global-color-accent)\" ><span class=\"sc_icon_type_ icon-sound-light\" style=\"color: var(--e-global-color-accent)\"><\/span><\/div><div class=\"sc_icons_item_details\"><h4 class=\"sc_icons_item_title\" style=\"color:#0A1A3B;\"><span>INTEGRACION SENSORIAL<\/span><\/h4><div class=\"sc_icons_item_description\"><span>La terapia de integraci\u00f3n sensorial es un enfoque terap\u00e9utico dise\u00f1ado para ayudar a las personas a procesar y responder de manera adecuada a la informaci\u00f3n sensorial que reciben del entorno. Esta terapia se basa en la idea de que algunos individuos tienen dificultades para organizar y procesar la informaci\u00f3n sensorial de manera eficiente, lo que puede afectar su capacidad para participar en actividades diarias y relacionarse con su entorno. Durante la terapia de integraci\u00f3n sensorial, los terapeutas trabajan para identificar las \u00e1reas sensoriales que presentan desaf\u00edos para el individuo, como el tacto, la vista, el o\u00eddo, el gusto y el olfato. Utilizan una variedad de actividades y est\u00edmulos sensoriales controlados para ayudar al ni\u00f1o a regular y organizar su respuesta sensorial de manera m\u00e1s efectiva.<\/span><span><\/span><\/div><\/div><\/div><\/div><!-- \/.sc_icons -->\t\t\t\t<\/div>\n\t\t\t\t<\/div>\n\t\t\t\t<\/div>\n\t\t\t\t\t<\/div>\n\t\t\t\t<\/div>\n\t\t<div class=\"elementor-element elementor-element-8578339 e-flex e-con-boxed sc_inner_width_none sc_layouts_column_icons_position_left e-con e-parent\" data-id=\"8578339\" data-element_type=\"container\" data-e-type=\"container\">\n\t\t\t\t\t<div class=\"e-con-inner\">\n\t\t<div class=\"elementor-element elementor-element-60f2161 e-con-full e-flex sc_inner_width_none sc_layouts_column_icons_position_left e-con e-child\" data-id=\"60f2161\" data-element_type=\"container\" data-e-type=\"container\">\n\t\t\t\t<div class=\"elementor-element elementor-element-926b9c1 animation_type_block sc_fly_static elementor-invisible elementor-widget elementor-widget-image\" data-id=\"926b9c1\" data-element_type=\"widget\" data-e-type=\"widget\" data-settings=\"{&quot;_animation&quot;:&quot;medeus-fadeinup&quot;,&quot;_animation_delay&quot;:140}\" data-widget_type=\"image.default\">\n\t\t\t\t<div class=\"elementor-widget-container\">\n\t\t\t\t\t\t\t\t\t\t\t\t\t\t\t<img decoding=\"async\" width=\"1020\" height=\"1024\" src=\"https:\/\/ene.com.ar\/wp-content\/uploads\/2024\/02\/OT4-1-1020x1024.jpg\" class=\"attachment-large size-large wp-image-1193\" alt=\"\" srcset=\"https:\/\/ene.com.ar\/wp-content\/uploads\/2024\/02\/OT4-1-1020x1024.jpg 1020w, https:\/\/ene.com.ar\/wp-content\/uploads\/2024\/02\/OT4-1-300x300.jpg 300w, https:\/\/ene.com.ar\/wp-content\/uploads\/2024\/02\/OT4-1-150x150.jpg 150w, https:\/\/ene.com.ar\/wp-content\/uploads\/2024\/02\/OT4-1-768x771.jpg 768w, https:\/\/ene.com.ar\/wp-content\/uploads\/2024\/02\/OT4-1-370x370.jpg 370w, https:\/\/ene.com.ar\/wp-content\/uploads\/2024\/02\/OT4-1-120x120.jpg 120w, https:\/\/ene.com.ar\/wp-content\/uploads\/2024\/02\/OT4-1-840x843.jpg 840w, https:\/\/ene.com.ar\/wp-content\/uploads\/2024\/02\/OT4-1-410x411.jpg 410w, https:\/\/ene.com.ar\/wp-content\/uploads\/2024\/02\/OT4-1-600x602.jpg 600w, https:\/\/ene.com.ar\/wp-content\/uploads\/2024\/02\/OT4-1.jpg 1102w\" sizes=\"(max-width: 1020px) 100vw, 1020px\" \/>\t\t\t\t\t\t\t\t\t\t\t\t\t\t\t<\/div>\n\t\t\t\t<\/div>\n\t\t\t\t<div class=\"elementor-element elementor-element-13f6c49 animation_type_block sc_fly_static elementor-invisible elementor-widget elementor-widget-text-editor\" data-id=\"13f6c49\" data-element_type=\"widget\" data-e-type=\"widget\" data-settings=\"{&quot;_animation&quot;:&quot;medeus-fadeinup&quot;,&quot;_animation_delay&quot;:140}\" data-widget_type=\"text-editor.default\">\n\t\t\t\t<div class=\"elementor-widget-container\">\n\t\t\t\t\t\t\t\t\t<p>Estas actividades pueden incluir juegos de movimiento, ejercicios de equilibrio y coordinaci\u00f3n, actividades t\u00e1ctiles, ejercicios de estimulaci\u00f3n vestibular y auditiva, entre otros. El objetivo es proporcionar al individuo experiencias sensoriales variadas y controladas para ayudarlo a mejorar su capacidad para procesar y responder a la informaci\u00f3n sensorial de manera m\u00e1s adaptativa. La terapia de integraci\u00f3n sensorial es especialmente beneficiosa para personas con trastornos del procesamiento sensorial, como el trastorno del espectro autista, el trastorno del d\u00e9ficit de atenci\u00f3n e hiperactividad (TDAH), el trastorno del procesamiento auditivo, la dispraxia y otros trastornos del desarrollo.<\/p>\t\t\t\t\t\t\t\t<\/div>\n\t\t\t\t<\/div>\n\t\t\t\t<div class=\"elementor-element elementor-element-0719a4d animation_type_block sc_fly_static elementor-invisible elementor-widget elementor-widget-image\" data-id=\"0719a4d\" data-element_type=\"widget\" data-e-type=\"widget\" data-settings=\"{&quot;_animation&quot;:&quot;medeus-fadeinup&quot;}\" data-widget_type=\"image.default\">\n\t\t\t\t<div class=\"elementor-widget-container\">\n\t\t\t\t\t\t\t\t\t\t\t\t\t\t\t<img loading=\"lazy\" decoding=\"async\" width=\"1013\" height=\"1024\" src=\"https:\/\/ene.com.ar\/wp-content\/uploads\/2024\/02\/OT5-1-1013x1024.jpg\" class=\"attachment-large size-large wp-image-1194\" alt=\"\" srcset=\"https:\/\/ene.com.ar\/wp-content\/uploads\/2024\/02\/OT5-1-1013x1024.jpg 1013w, https:\/\/ene.com.ar\/wp-content\/uploads\/2024\/02\/OT5-1-297x300.jpg 297w, https:\/\/ene.com.ar\/wp-content\/uploads\/2024\/02\/OT5-1-768x776.jpg 768w, https:\/\/ene.com.ar\/wp-content\/uploads\/2024\/02\/OT5-1-370x374.jpg 370w, https:\/\/ene.com.ar\/wp-content\/uploads\/2024\/02\/OT5-1-120x120.jpg 120w, https:\/\/ene.com.ar\/wp-content\/uploads\/2024\/02\/OT5-1-840x849.jpg 840w, https:\/\/ene.com.ar\/wp-content\/uploads\/2024\/02\/OT5-1-410x414.jpg 410w, https:\/\/ene.com.ar\/wp-content\/uploads\/2024\/02\/OT5-1-600x607.jpg 600w, https:\/\/ene.com.ar\/wp-content\/uploads\/2024\/02\/OT5-1.jpg 1094w\" sizes=\"(max-width: 1013px) 100vw, 1013px\" \/>\t\t\t\t\t\t\t\t\t\t\t\t\t\t\t<\/div>\n\t\t\t\t<\/div>\n\t\t\t\t<\/div>\n\t\t<div class=\"elementor-element elementor-element-e56cac4 e-con-full e-flex sc_inner_width_none sc_layouts_column_icons_position_left e-con e-child\" data-id=\"e56cac4\" data-element_type=\"container\" data-e-type=\"container\">\n\t\t\t\t<div class=\"elementor-element elementor-element-b2a3a6f animation_type_block sc_fly_static elementor-invisible elementor-widget elementor-widget-image\" data-id=\"b2a3a6f\" data-element_type=\"widget\" data-e-type=\"widget\" data-settings=\"{&quot;_animation&quot;:&quot;medeus-fadeinup&quot;}\" data-widget_type=\"image.default\">\n\t\t\t\t<div class=\"elementor-widget-container\">\n\t\t\t\t\t\t\t\t\t\t\t\t\t\t\t<img loading=\"lazy\" decoding=\"async\" width=\"726\" height=\"958\" src=\"https:\/\/ene.com.ar\/wp-content\/uploads\/2024\/02\/OT3-1.jpg\" class=\"attachment-large size-large wp-image-1192\" alt=\"\" srcset=\"https:\/\/ene.com.ar\/wp-content\/uploads\/2024\/02\/OT3-1.jpg 726w, https:\/\/ene.com.ar\/wp-content\/uploads\/2024\/02\/OT3-1-227x300.jpg 227w, https:\/\/ene.com.ar\/wp-content\/uploads\/2024\/02\/OT3-1-370x488.jpg 370w, https:\/\/ene.com.ar\/wp-content\/uploads\/2024\/02\/OT3-1-410x541.jpg 410w, https:\/\/ene.com.ar\/wp-content\/uploads\/2024\/02\/OT3-1-600x792.jpg 600w\" sizes=\"(max-width: 726px) 100vw, 726px\" \/>\t\t\t\t\t\t\t\t\t\t\t\t\t\t\t<\/div>\n\t\t\t\t<\/div>\n\t\t\t\t<div class=\"elementor-element elementor-element-75a0652 animation_type_block sc_fly_static elementor-invisible elementor-widget elementor-widget-image\" data-id=\"75a0652\" data-element_type=\"widget\" data-e-type=\"widget\" data-settings=\"{&quot;_animation&quot;:&quot;medeus-fadeinup&quot;,&quot;_animation_delay&quot;:140}\" data-widget_type=\"image.default\">\n\t\t\t\t<div class=\"elementor-widget-container\">\n\t\t\t\t\t\t\t\t\t\t\t\t\t\t\t<img loading=\"lazy\" decoding=\"async\" width=\"1024\" height=\"888\" src=\"https:\/\/ene.com.ar\/wp-content\/uploads\/2024\/02\/OT6-1-1024x888.jpg\" class=\"attachment-large size-large wp-image-1195\" alt=\"\" srcset=\"https:\/\/ene.com.ar\/wp-content\/uploads\/2024\/02\/OT6-1-1024x888.jpg 1024w, https:\/\/ene.com.ar\/wp-content\/uploads\/2024\/02\/OT6-1-300x260.jpg 300w, https:\/\/ene.com.ar\/wp-content\/uploads\/2024\/02\/OT6-1-768x666.jpg 768w, https:\/\/ene.com.ar\/wp-content\/uploads\/2024\/02\/OT6-1-370x321.jpg 370w, https:\/\/ene.com.ar\/wp-content\/uploads\/2024\/02\/OT6-1-840x728.jpg 840w, https:\/\/ene.com.ar\/wp-content\/uploads\/2024\/02\/OT6-1-410x356.jpg 410w, https:\/\/ene.com.ar\/wp-content\/uploads\/2024\/02\/OT6-1-600x520.jpg 600w, https:\/\/ene.com.ar\/wp-content\/uploads\/2024\/02\/OT6-1.jpg 1190w\" sizes=\"(max-width: 1024px) 100vw, 1024px\" \/>\t\t\t\t\t\t\t\t\t\t\t\t\t\t\t<\/div>\n\t\t\t\t<\/div>\n\t\t\t\t<\/div>\n\t\t\t\t\t<\/div>\n\t\t\t\t<\/div>\n\t\t\t\t<\/div>\n\t\t","protected":false},"excerpt":{"rendered":"<p>INTEGRACION SENSORIAL La terapia de integraci\u00f3n sensorial es un enfoque terap\u00e9utico dise\u00f1ado para ayudar a las personas a procesar y responder de manera adecuada a la informaci\u00f3n sensorial que reciben&hellip;<\/p>\n","protected":false},"author":1,"featured_media":0,"parent":13,"menu_order":0,"comment_status":"closed","ping_status":"closed","template":"","meta":{"_joinchat":[],"footnotes":""},"class_list":["post-566","page","type-page","status-publish","hentry"],"_links":{"self":[{"href":"https:\/\/ene.com.ar\/index.php\/wp-json\/wp\/v2\/pages\/566","targetHints":{"allow":["GET"]}}],"collection":[{"href":"https:\/\/ene.com.ar\/index.php\/wp-json\/wp\/v2\/pages"}],"about":[{"href":"https:\/\/ene.com.ar\/index.php\/wp-json\/wp\/v2\/types\/page"}],"author":[{"embeddable":true,"href":"https:\/\/ene.com.ar\/index.php\/wp-json\/wp\/v2\/users\/1"}],"replies":[{"embeddable":true,"href":"https:\/\/ene.com.ar\/index.php\/wp-json\/wp\/v2\/comments?post=566"}],"version-history":[{"count":22,"href":"https:\/\/ene.com.ar\/index.php\/wp-json\/wp\/v2\/pages\/566\/revisions"}],"predecessor-version":[{"id":1198,"href":"https:\/\/ene.com.ar\/index.php\/wp-json\/wp\/v2\/pages\/566\/revisions\/1198"}],"up":[{"embeddable":true,"href":"https:\/\/ene.com.ar\/index.php\/wp-json\/wp\/v2\/pages\/13"}],"wp:attachment":[{"href":"https:\/\/ene.com.ar\/index.php\/wp-json\/wp\/v2\/media?parent=566"}],"curies":[{"name":"wp","href":"https:\/\/api.w.org\/{rel}","templated":true}]}}